+ 13*a + 27. What is s(-6)?
-15
Let d(f) = -24*f**2 + 1081*f - 43. What is d(45)?
2
Let u(v) = -v**3 - 13*v**2 - 25*v - 37. What is u(-12)?
119
Let g(r) = -r**3 + 15*r**2 + 98*r - 34. What is g(20)?
-74
Let s(y) = -2*y**2 + 3*y + 6. Determine s(-2).
-8
Let w(h) = 5*h**2 + 96*h + 457. Determine w(-10).
-3
Let u(b) = 153*b**3 + 3*b + 2. What is u(-1)?
-154
Let g(r) = r**3 + 10*r**2 + 26*r + 403. Give g(-11).
-4
Let j(r) = r**2 - 12*r - 1254. Determine j(-30).
6
Let z(i) = -6*i**2 - 263*i - 1503. Determine z(-37).
14
Let o(r) = -2*r**2 - 65*r - 571. Determine o(-7).
-214
Let a(p) = 2*p**3 + 12*p**2 - 68*p - 45. What is a(-9)?
81
Let u(h) = -3*h**2 + 79*h - 63. Calculate u(14).
455
Let a(t) = t**2 - 593*t + 3490. Give a(6).
-32
Let u(s) = 73*s + 1229. What is u(-17)?
-12
Let r(o) = -2*o**3 - 24*o**2 - 22*o - 628. What is r(-13)?
-4
Let v(b) = b**3 - 46*b**2 - 93*b - 124. Determine v(48).
20
Let k(r) = -258*r - 60120. Give k(-233).
-6
Let p(o) = -3*o**3 + 16*o**2 - 12*o + 2. Give p(6).
-142
Let z(k) = 3*k**2 + 14*k - 2. Calculate z(-11).
207
Let c(y) = -y**2 + 30*y - 50. What is c(22)?
126
Let q(j) = -j**3 - 9*j**2 + 25*j - 24. Determine q(-10).
-174
Let c(h) = h**3 + 86*h**2 + 327*h - 88. Calculate c(-82).
-6
Let m(u) = u**3 + 7*u**2 - 3*u + 42. Give m(0).
42
Let d(p) = -4*p**3 + 75*p**2 + 58*p - 2016. Determine d(18).
0
Let y(m) = 11*m**3 + m**2 + 6*m + 2. Give y(-2).
-94
Let g(c) = 124*c - 7463. Determine g(60).
-23
Let v(q) = -447*q - 444. What is v(-1)?
3
Let a(r) = -2*r**3 - 33*r**2 - 91*r + 11. Give a(-13).
11
Let j(v) = 7*v**2 - 93*v + 112. Determine j(12).
4
Let l(p) = 59*p**3 + 3*p**2 + 2*p - 3. Give l(1).
61
Let p(o) = 18*o**3 - o**2 + 16*o + 17. Give p(-1).
-18
Let j(a) = -a**3 + a**2 - 34*a - 65. Give j(-2).
15
Let m(w) = 188*w + 8631. What is m(-46)?
-17
Let s(k) = 31*k - 49. Give s(-3).
-142
Let u(j) = -2*j**3 - 21*j**2 + 2*j - 62. What is u(-10)?
-182
Let z(j) = -78*j + 503. What is z(5)?
113
Let p(b) = 2*b**3 - 54*b**2 - 34*b + 2252. Calculate p(26).
16
Let p(f) = 3*f**3 - 72*f**2 - 3*f + 101. What is p(24)?
29
Let i(s) = s**3 - 9*s**2 - 2*s + 131. Determine i(7).
19
Let f(s) = 185*s - 2557. Calculate f(14).
33
Let p(v) = 28*v**2 + 3*v - 10. What is p(3)?
251
Let j(x) = 2*x**3 - 3*x**2 + 5*x + 8. Give j(3).
50
Let i(j) = 80*j - 1109. Give i(14).
11
Let x(c) = -29*c + 305. Give x(8).
73
Let z(q) = -42*q + 2679. Give z(64).
-9
Let h(j) = 21*j - 41. What is h(6)?
85
Let p(k) = 4*k**3 + 59*k**2 + 165*k + 102. Give p(-2).
-24
Let q(b) = 4578*b**2 - 27463*b + 5. Give q(6).
35
Let b(l) = -l + 5. Give b(25).
-20
Let v(o) = o**3 + 7*o**2 + 10*o + 118. Calculate v(-7).
48
Let l(t) = -359*t - 2164. Calculate l(-6).
-10
Let x(l) = -2*l**2 + 2*l + 214. Determine x(-10).
-6
Let a(h) = h**3 + 17*h**2 + 17*h - 94. Determine a(-15).
101
Let l(n) = -n**3 - 155*n**2 + 146*n - 1560. What is l(-156)?
0
Let r(t) = t**2 - 14*t + 64. Give r(9).
19
Let g(t) = t**2 - 3873*t + 34794. Determine g(9).
18
Let u(p) = -5*p**2 - 19*p - 1. What is u(-10)?
-311
Let l(i) = 20*i**2 - 38*i - 73. Calculate l(5).
237
Let m(u) = 4*u**2 + 512*u + 1992. Give m(-4).
8
Let k(v) = -91*v - 22128. Determine k(-243).
-15
Let l(h) = -330*h + 321. Determine l(1).
-9
Let g(r) = -297*r - 291. Calculate g(-1).
6
Let a(p) = 84*p**2 - 88*p + 89. Calculate a(1).
85
Let i(a) = -8*a**2 - 14*a - 23. What is i(-5)?
-153
Let r(p) = 117*p**3 + p**2 - 16*p + 14. What is r(1)?
116
Let n(v) = 2*v**2 + 8*v + 29. Determine n(-7).
71
Let q(v) = -218*v - 15717. Give q(-72).
-21
Let a(h) = h**3 - h**2 + 62*h - 298. Calculate a(4).
-2
Let l(m) = -3315*m - 46425. Give l(-14).
-15
Let p(s) = -17*s - 176. Calculate p(-13).
45
Let w(f) = 55*f - 182. Calculate w(-5).
-457
Let o(q) = 6*q**2 + 110*q - 7. Calculate o(-18).
-43
Let k(b) = 72*b + 1876. What is k(-26)?
4
Let g(v) = 192*v + 460. Determine g(-2).
76
Let c(v) = v**2 + 3*v - 160. Determine c(-14).
-6
Let c(h) = 3*h**3 + 80*h**2 + 190*h - 16. What is c(-24)?
32
Let v(w) = -w**2 - 62*w + 1483. Calculate v(19).
-56
Let f(t) = t**2 - 102*t + 1788. Give f(79).
-29
Let p(r) = 2*r**3 + 117*r**2 + 53*r - 284. What is p(-58)?
6
Let l(q) = -4*q**2 + 6*q - 140. Determine l(9).
-410
Let c(h) = h**3 + 13*h**2 + 23*h + 143. What is c(-12)?
11
Let y(a) = -6*a**2 - 32*a + 147. Give y(5).
-163
Let b(z) = -3*z**2 + z - 11. Give b(-4).
-63
Let n(v) = v**2 + 6*v + 76. Determine n(-9).
103
Let q(i) = 2*i + 84. Determine q(-30).
24
Let s(w) = 6*w**2 - 1753*w - 3505. Give s(-2).
25
Let i(u) = 18*u - 854. What is i(50)?
46
Let k(q) = 227*q**3 - 4*q**2 - 2*q + 3. What is k(1)?
224
Let l(j) = j**3 + 21*j**2 + 74*j + 116. Determine l(-17).
14
Let a(f) = f**2 + 52*f - 50. Give a(-51).
-101
Let w(m) = -4*m - 338. What is w(-25)?
-238
Let x(t) = 4*t**2 - 644*t + 1268. Give x(2).
-4
Let b(h) = -h**3 + 28*h**2 - 28*h + 40. What is b(27)?
13
Let m(r) = -1039*r - 1037. What is m(-1)?
2
Let x(m) = -m**3 + 156*m**2 - 242*m + 13477. What is x(155)?
-8
Let z(v) = 37*v + 4218. Give z(-113).
37
Let w(h) = h**3 - 26*h**2 + 108*h - 48. What is w(21)?
15
Let l(r) = 6*r**2 + 345*r - 209. Give l(-58).
-35
Let z(c) = -2*c**3 + 2*c**2 + c + 3. Determine z(4).
-89
Let l(s) = 469*s - 16880. What is l(36)?
4
Let w(c) = -c**2 - 226*c - 3249. Calculate w(-16).
111
Let p(n) = n**3 - 14*n**2 + 68*n - 274. Determine p(10).
6
Let m(d) = d**3 - 81*d**2 - 5*d + 235. Give m(81).
-170
Let r(y) = 105*y + 2946. Determine r(-28).
6
Let r(m) = 96*m**2 - 9121*m + 86. What is r(95)?
-9
Let m(c) = -1090*c**2 - 1089*c + 3. What is m(-1)?
2
Let a(w) = 554*w + 6655. Determine a(-12).
7
Let l(j) = 9*j**2 + 14*j - 76. Give l(5).
219
Let x(s) = -29*s**3 - 3*s**2 + 7*s - 3. What is x(1)?
-28
Let l(f) = -f**3 + 36*f**2 + 73*f + 110. What is l(38)?
-4
Let h(n) = -5*n**2 + 43*n - 43. Give h(13).
-329
Let k(q) = 7*q**3 + 193*q**2 - 389*q - 5. What is k(2)?
45
Let n(c) = c**2 + 37*c + 91. Give n(-39).
169
Let i(w) = 56*w**2 + 726*w - 32. What is i(-13)?
-6
Let w(u) = -3*u**2 - 21*u + 147. What is w(-12)?
-33
Let s(l) = -58*l**2 + 8*l + 9. Determine s(3).
-489
Let w(h) = -16*h**3 + h**2 + 13*h + 4. Give w(3).
-380
Let m(d) = d**2 + 10*d + 46. Calculate m(-9).
37
Let c(g) = -g**3 - 44*g**2 - 120*g - 3306. Give c(-43).
5
Let k(w) = -174*w - 9233. Calculate k(-53).
-11
Let r(h) = -8*h**2 - h - 53. Determine r(13).
-1418
Let k(p) = 2*p**3 - 67*p**2 - 37*p + 178. Determine k(34).
76
Let k(b) = -b**3 + 54*b**2 - 59*b + 346. Give k(53).
28
Let j(f) = -118*f - 10857. What is j(-92)?
-1
Let d(r) = r**2 + 409*r - 6365. Give d(15).
-5
Let x(k) = 11*k**3 + 2*k**2 - 182*k - 183. Calculate x(-1).
-10
Let y(u) = -76*u + 26. Determine y(-1).
102
Let k(t) = t**3 + 15*t**2 + 26*t + 1. Calculate k(-13).
1
Let b(t) = t**3 - 6*t**2 + 69*t - 675. What is b(8)?
5
Let n(c) = 9*c**2 + 431*c - 429. Calculate n(1).
11
Let j(i) = -12*i**2 + 21*i + 33. Give j(-2).
-57
Let s(u) = u**3 + 10*u**2 - 46*u - 440. Determine s(-10).
20
Let j(b) = -b**2 + 102*b + 1602. Calculate j(-14).
-22
Let a(t) = 2*t**2 + 60*t + 384. Calculate a(-21).
6
Let p(n) = 24*n**2 - 32*n - 25. What is p(-1)?
31
Let x(u) = 31*u**2 - 87*u + 327. Give x(4).
475
Let q(z) = -6*z - 378. Calculate q(-44).
-114
Let p(w) = -42*w - 353. Determine p(-7).
-59
Let w(m) = 3*m**2 - 29*m + 3. What is w(7)?
-53
Let o(q) = 9*q**2 - 162*q - 1291. What is o(-6)?
5
Let r(d) = 13*d - 271. What is r(21)?
2
Let i(a) = -6*a**2 + 156*a + 6. What is i(26)?
6
Let p(k) = k + 292. Calculate p(-28).
264
Let t(l) = -5336*l + 37351. Calculate t(7).
-1
Let a(h) = 2264*h + 11319. Determine a(-5).
-1
Let s(b) = b**3 - 12*b**2 - 6*b + 53. What is s(11)?
-134
Let t(y) = 8*y + 76. What is t(-21)?
-92
Let y(l) = 1388*l + 5551. Give y(-4).
-1
Let b(g) = 6*g**2 - 1135*g - 2098. What is b(191)?
3
Let w(b) = -b**3 + 173*b**2 - 300*b - 7189. Determine w(171).
-7
Let w(u) = 11*u**2 + 81*u + 9. Determine w(-6).
-81
Let t(s) = -70*s**2 - 43*s + 43. Determine t(1).
-70
Let c(x) = 30*x**3 - 2*x**2 + 16*x + 19. What is c(-1)?
-29
Let k(z) = z**3 - 65*z**2 + 1049*z + 28. Give k(30).
-2
Let b(n) = -n**2 + 61*n + 601. Calculate b(73).
-275
Let f(l) = l**2 - 3*l - 4. Determine f(-6).
50
Let w(b) = -b**3 + 44*b**2 - 41*b - 50. Calculate w(43).
36
Let u(p) = 2*p**3 - 279*p**2 - 427*p + 503. Determine u(141).
-61
Let c(j) = -760*j + 4523.